515847.
3, 107, 1607
What are the prime factors of 434971?
29, 53, 283
What are the prime factors of 19078?
2, 9539
What are the prime factors of 1753095?
3, 5, 73, 1601
List the prime factors of 7835687.
2131, 3677
List the prime factors of 1038409.
1038409
List the prime factors of 4055451.
3, 31, 43607
What are the prime factors of 3518020?
2, 5, 11, 15991
List the prime factors of 58868.
2, 14717
List the prime factors of 2605193.
971, 2683
What are the prime factors of 112740?
2, 3, 5, 1879
List the prime factors of 541740.
2, 3, 5, 9029
List the prime factors of 5327652.
2, 3, 11, 40361
List the prime factors of 2055279.
3, 685093
List the prime factors of 103786.
2, 51893
List the prime factors of 699167.
7, 99881
What are the prime factors of 17397903?
3, 5799301
What are the prime factors of 3295720?
2, 5, 82393
What are the prime factors of 22455685?
5, 7, 587, 1093
What are the prime factors of 11497097?
41, 61, 4597
List the prime factors of 4996570.
2, 5, 47, 10631
What are the prime factors of 640188?
2, 3, 17783
List the prime factors of 9422946.
2, 3, 13, 31, 433
List the prime factors of 77768.
2, 9721
List the prime factors of 146519.
146519
List the prime factors of 319035.
3, 5, 21269
List the prime factors of 1316174.
2, 17, 38711
What are the prime factors of 4201389?
3, 51869
What are the prime factors of 3411539?
3411539
What are the prime factors of 5510230?
2, 5, 11, 50093
What are the prime factors of 291424?
2, 7, 1301
List the prime factors of 2366573.
11, 215143
What are the prime factors of 81331?
81331
List the prime factors of 552800.
2, 5, 691
List the prime factors of 2002759.
11, 97, 1877
What are the prime factors of 414950?
2, 5, 43, 193
List the prime factors of 253871.
253871
What are the prime factors of 609194?
2, 304597
List the prime factors of 3420177.
3, 43, 26513
List the prime factors of 2040845.
5, 408169
List the prime factors of 129788.
2, 71, 457
List the prime factors of 1131642.
2, 3, 62869
List the prime factors of 2760456.
2, 3, 115019
List the prime factors of 260123.
269, 967
List the prime factors of 2832997.
31, 91387
What are the prime factors of 513785?
5, 211, 487
List the prime factors of 1263863.
1263863
List the prime factors of 28782108.
2, 3, 23, 11587
List the prime factors of 19800093.
3, 6600031
What are the prime factors of 560226?
2, 3, 93371
List the prime factors of 247921.
29, 83, 103
What are the prime factors of 65372?
2, 59, 277
List the prime factors of 806989.
523, 1543
What are the prime factors of 3913583?
3913583
List the prime factors of 283936.
2, 19, 467
List the prime factors of 9469542.
2, 3, 1578257
List the prime factors of 2927623.
467, 6269
What are the prime factors of 1108234?
2, 554117
What are the prime factors of 28421085?
3, 5, 7, 11, 2237
What are the prime factors of 904328?
2, 113041
What are the prime factors of 425306?
2, 7, 17, 1787
What are the prime factors of 1052689?
11, 83, 1153
List the prime factors of 14579925.
3, 5, 73, 2663
What are the prime factors of 634202?
2, 17, 23, 811
What are the prime factors of 1942475?
5, 77699
What are the prime factors of 34162498?
2, 23, 742663
List the prime factors of 8182612.
2, 2045653
List the prime factors of 1274296.
2, 159287
List the prime factors of 283109.
89, 3181
What are the prime factors of 304672?
2, 9521
List the prime factors of 1556370.
2, 3, 5, 17293
List the prime factors of 16728.
2, 3, 17, 41
What are the prime factors of 3257306?
2, 13, 23, 419
What are the prime factors of 222282?
2, 3, 53, 233
List the prime factors of 219141.
3, 13, 1873
List the prime factors of 5976945.
3, 5, 13, 17, 601
List the prime factors of 6006958.
2, 283, 10613
List the prime factors of 132674.
2, 66337
What are the prime factors of 9963496?
2, 17, 61, 1201
What are the prime factors of 977715?
3, 5, 21727
List the prime factors of 582566.
2, 59, 4937
What are the prime factors of 842628?
2, 3, 23, 43, 71
List the prime factors of 2546731.
11, 127, 1823
What are the prime factors of 1652111?
17, 157, 619
List the prime factors of 4749677.
19, 59, 223
What are the prime factors of 702232?
2, 61, 1439
What are the prime factors of 6788656?
2, 7, 1237
What are the prime factors of 584511?
3, 17, 73, 157
List the prime factors of 1084991.
17, 63823
List the prime factors of 5674804.
2, 17, 4909
What are the prime factors of 1523069?
1523069
List the prime factors of 8161417.
11, 53, 13999
List the prime factors of 822280.
2, 5, 61, 337
What are the prime factors of 18432908?
2, 13, 354479
List the prime factors of 529862.
2, 264931
What are the prime factors of 15223657?
3049, 4993
List the prime factors of 154678.
2, 77339
List the prime factors of 2025067.
11, 227, 811
List the prime factors of 286591.
286591
List the prime factors of 14569840.
2, 5, 182123
List the prime factors of 138181.
138181
What are the prime factors of 741105?
3, 5, 43, 383
What are the prime factors of 1502210?
2, 5, 150221
List the prime factors of 4703595.
3, 5, 13, 24121
List the prime factors of 1791906.
2, 3, 298651
What are the prime factors of 405322?
2, 202661
List the prime factors of 1311286.
2, 655643
What are the prime factors of 432448?
2, 29, 233
What are the prime factors of 5665734?
2, 3, 239, 439
List the prime factors of 510956.
2, 127739
What are the prime factors of 164700?
2, 3, 5, 61
What are the prime factors of 2899947?
3, 47, 131, 157
List the prime factors of 1600753.
7, 11, 20789
What are the prime factors of 2320345?
5, 464069
List the prime factors of 93490.
2, 5, 9349
What are the prime factors of 197217?
3, 17, 1289
List the prime factors of 234229.
71, 3299
List the prime factors of 1197510.
2, 3, 5, 179, 223
List the prime factors of 19179434.
2, 17, 157, 3593
List the prime factors of 83035.
5, 16607
What are the prime factors of 1393164?
2, 3, 38699
List the prime factors of 6460887.
3, 239, 9011
What are the prime factors of 5484577?
7, 131, 5981
List the prime factors of 2335127.
53, 44059
What are the prime factors of 200763?
3, 22307
What are the prime factors of 732918?
2, 3, 23, 47, 113
What are the prime factors of 2392034?
2, 67, 17851
What are the prime factors of 188304?
2, 3, 3923
List the prime factors of 554926.
2, 37, 7499
List the prime factors of 731759.
7, 104537
List the prime factors of 117659.
117659
What are the prime factors of 139606?
2, 29, 83
List the prime factors of 199155.
3, 5, 11, 17, 71
List the prime factors of 6131463.
3, 13, 157217
What are the prime factors of 539256?
2, 3, 22469
What are the prime factors of 8955449?
8955449
What are the prime factors of 13168402?
2, 13, 571, 887
List the prime factors of 5130754.
2, 2565377
List the prime factors of 110823.
3, 17, 41, 53
What are the prime factors of 592578?
2, 3, 7, 4703
What are the prime factors of 95327?
95327
List the prime factors of 848021.
47, 18043
What are the prime factors of 1532927?
11, 23, 73, 83
What are the prime factors of 676728?
2, 3, 13, 241
What are the prime factors of 1391891?
23, 73, 829
What are the prime factors of 236984?
2, 11, 2693
List the prime factors of 138304.
2, 2161
List the prime factors of 3029353.
23, 131711
List the prime factors of 48454.
2, 7, 3461
List the prime factors of 12726.
2, 3, 7, 101
What are the prime factors of 6319807?
13, 486139
List the prime factors of 6464183.
11, 41, 1303
List the prime factors of 116931.
3, 38977
What are the prime factors of 217373?
13, 23, 727
What are the prime factors of 1579574?
2, 31, 73, 349
What are the prime factors of 882369?
3, 98041
What are the prime factors of 45531?
3, 5059
What are the prime factors of 118932?
2, 3, 11, 17, 53
What are the prime factors of 70034?
2, 19, 97
What are the prime factors of 151817?
151817
List the prime factors of 249039.
3, 7, 59, 67
List the prime factors of 549625.
5, 4397
List the prime factors of 5898187.
139, 42433
What are the prime factors of 398395?
5, 17, 43, 109
What are the prime factors of 43872?
2, 3, 457
What are the prime factors of 415705?
5, 71, 1171
What are the prime factors of 2157880?
2, 5, 73, 739
List the prime factors of 844764.
2, 3, 17, 41, 101
What are the prime factors of 357463?
179, 1997
List the prime factors of 401503.
331, 1213
What are the pr